
2
Suppose 14 = -0*s + s + 2*h, 0 = -2*s - h + 13. Suppose 3*g + 79 = s*g. What are the prime factors of g?
79
Let q(o) = 92*o - 454. What are the prime factors of q(24)?
2, 877
Let b(m) = m**2 + 4*m + 5. Suppose 4*j + 7 = -6*y + y, -y + 5 = 4*j. What are the prime factors of b(y)?
2
Let b = -29 - -4. Let z = b + -93. Let t = z + 180. What are the prime factors of t?
2, 31
Let d(h) = 52*h + 116. What are the prime factors of d(18)?
2, 263
Suppose 0 = -5*z + t + 61 + 24, 3*z = 2*t + 58. Let u = z - 20. List the prime factors of 20/(u - (-27)/6).
2, 5
Let o be (-21)/(-14)*(3 - 1). Let a(q) = -q + q - o*q + 5*q + 3. List the prime factors of a(0).
3
Let y = -1051 + 1177. What are the prime factors of y?
2, 3, 7
Let b = 14 + -12. Suppose -b*n + 7*n = 75. What are the prime factors of n?
3, 5
Let l = 208 + -116. List the prime factors of l.
2, 23
Let f(o) be the third derivative of o**5/5 - 17*o**4/24 - 7*o**3/6 + o**2 - 12*o. List the prime factors of f(5).
2, 13
Suppose 0 = q + 1 + 13. Let p be (24 - (3 + -3))/(6/4). Let r = q + p. What are the prime factors of r?
2
Let j(b) = b + 2. Let l(g) = g + 3. Let t(v) = -5*j(v) + 4*l(v). Let k be t(0). Let d = 23 + k. What are the prime factors of d?
5
Let a(t) = -t**3 + 11*t**2 - 13*t + 1. Let d be a(9). Suppose 3*v - 10 = -d. List the prime factors of (-227)/(-9) - v/(-54).
5
Suppose f = -2*l + 3126, 5*l - 12*f = -7*f + 7830. What are the prime factors of l?
2, 17, 23
Let c be (76/(-6))/(1/3). Let m be (5 - 8) + 2*8. What are the prime factors of 3/(c/m - -3)?
3, 13
Let p(l) be the third derivative of l**5/60 + 13*l**4/24 - 35*l**3/6 + 22*l**2. List the prime factors of p(-16).
13
Suppose -5*i = 3*s - 152, 3*s = i - 3*i + 59. Suppose -4*z + 11 = 2*o - 3, 5*o + i = z. What are the prime factors of z?
2, 3
Let a be 1*(-3)/3 + 3. Suppose -101 = -3*d + 5*m, 133 = 4*d - a*m - 3*m. List the prime factors of d.
2
Let k(z) = 2*z + 21. Let w(q) be the third derivative of q**4/12 + 10*q**3/3 - 3*q**2. Let o(m) = 6*k(m) - 7*w(m). What are the prime factors of o(-8)?
2
Let c be (-4)/(-10) + 12724/(-10). What are the prime factors of (1/3)/((-6 + 2)/c)?
2, 53
Suppose -21*n = -17*n - 3228. What are the prime factors of n?
3, 269
Suppose 97 - 77 = -4*p. List the prime factors of (1 + -2)/((15/63)/p).
3, 7
Suppose -3*z = 2*z - 35. Suppose 670 = z*f + 47. List the prime factors of f.
89
Suppose -3*n + 2*d + d + 6 = 0, 3*d = 2*n - 1. Suppose 10*k - 10 = 5*k. Suppose n*x = k*x - 2*v + 93, 23 = x - 2*v. List the prime factors of x.
29
Suppose -2577 + 8779 = 7*y. List the prime factors of y.
2, 443
Suppose 3*x = -4*b + 5645, 4*b = -0*b + 5*x + 5653. What are the prime factors of b?
2, 353
Let r be ((-8)/(-6))/((-6)/(-18)). Suppose 0*b - 2*b + 86 = 4*u, 0 = -4*b + r. List the prime factors of u.
3, 7
Suppose 9 = k + 2*a, -3 = -4*k - 4*a + 17. What are the prime factors of (2 + 380)/(k + 1)?
191
Suppose 4*v - 1254 = -5*a, -60 = -a + 5*v + 185. Let w = a - 159. List the prime factors of w.
7, 13
What are the prime factors of (-14)/(-84) - (-5638)/12?
2, 5, 47
Let k be 4/(((-55)/(-50))/11). Let n = k + 96. List the prime factors of n.
2, 17
Suppose -g + 2151 = u - 1074, -4*g = 3*u - 12899. What are the prime factors of g?
2, 13, 31
What are the prime factors of 66908/32 - (2 - (-85)/(-40))?
3, 17, 41
Let h = -12 + 14. Suppose 0*r + h = -r, -86 = -4*u - r. Let z = u + -16. What are the prime factors of z?
2, 3
Let t(a) be the first derivative of -a**4/4 - a**3/3 - 2*a**2 + 4*a - 27. Let n(p) = p - 13. Let f be n(9). List the prime factors of t(f).
2, 17
Suppose -4*n = -13 - 7. Suppose 0 = -n*q + q + 36. List the prime factors of q.
3
Suppose 3*x - 2*g - 5564 = 0, -3703 = 8*x - 10*x - 5*g. List the prime factors of x.
2, 3, 103
Let c(u) = u + 11. Let n be c(-7). Suppose 0 = -n*g - 2*f + 164, g - 4*f - 164 = -3*g. List the prime factors of g.
41
Suppose 0 = -j + 4, -5*v + 2*j + 12 = -0*v. Suppose 0*x + v*r = 5*x - 1087, -5*r - 660 = -3*x. List the prime factors of x.
5, 43
Let g(v) = v - 1. Let y be g(6). List the prime factors of ((-20)/4)/y + 130.
3, 43
Suppose 19 - 4 = 3*c. Suppose -c*p + 270 = -2*p. Suppose 0*o - 2*o - p = -3*i, 2*i = 2*o + 58. List the prime factors of i.
2
Suppose 5*u - 2 - 3 = 0. Let q be (1/(-3))/(u/6). Let i(p) = -18*p - 1. List the prime factors of i(q).
5, 7
Suppose 11*c - 18*c + 2807 = 0. List the prime factors of c.
401
Suppose -42*y = -36*y - 216. List the prime factors of y.
2, 3
Let r(l) = -15*l + 32 - 15 + 18. List the prime factors of r(-9).
2, 5, 17
Let l(g) = -g**2 - 6*g + 9. Let w(c) = c**2 + 5*c - 9. Let x(o) = 5*l(o) + 6*w(o). Let h be x(5). List the prime factors of 4 - (-3 - h) - -3.
2, 13
Suppose -327 = -5*x - 7. List the prime factors of (18/(-63) - (-5)/(-7)) + x.
3, 7
Let r(c) be the second derivative of c**5/20 + 5*c**4/6 - 11*c**3/6 + 3*c**2/2 + 5*c. Let s be r(-11). Suppose s*g = g + 30. What are the prime factors of g?
3, 5
Let y(s) = -s**3 - 2*s**2 - 4*s - 4. Let d be y(-2). List the prime factors of (-58)/(-3)*6/d.
29
Let w(m) be the first derivative of -m**3/3 - 33*m**2/2 - 33*m - 29. What are the prime factors of w(-14)?
233
Let x(o) = -2*o - 9. Let i be x(-7). Suppose 0*y + 15 = i*y. Suppose -y = -2*f - 3*m + 1, 8 = -4*m. List the prime factors of f.
5
Let a be (8 + -10)*3/(-2). Suppose -2*f = 4*s + 2*f - 288, s = -a*f + 70. What are the prime factors of s?
73
Let p(j) = -3*j**2 + 16*j + 15. Let m be p(15). Let a = m - -641. What are the prime factors of a?
13, 17
Suppose 943 = b - 3*w - w, 2*b + 3*w - 1875 = 0. List the prime factors of b.
3, 313
Suppose 4*y + 1 = 3*y. What are the prime factors of 2 - y/((-5)/(-420))?
2, 43
Let a(p) = p**3 + 2*p**2 + p - 72. Let b be a(0). List the prime factors of (10024/b - 6/(-27))*-1.
139
Let t = -36 + 38. Suppose -t*z + 504 = 6*z. List the prime factors of z.
3, 7
List the prime factors of ((-556)/(-6))/((-68)/(-612)).
2, 3, 139
Suppose c + 148 = 2*x - 3*c, 4*c = -x + 44. Let r = x + -17. Let a = r + -24. What are the prime factors of a?
23
Suppose 4*i = 5*l - 32, 3*i - 2*i - 13 = -4*l. List the prime factors of 3455/35 + -1*l/(-14).
3, 11
Let b(o) = 3*o**3 + 9*o**2 - 9*o - 14. What are the prime factors of b(6)?
2, 113
Suppose 4*r + 0*s = s + 2332, -4*r - 4*s = -2332. List the prime factors of r.
11, 53
Let m = -2091 + 1313. What are the prime factors of 4/(-18) - 9/(162/m)?
43
Let x(b) = 4 - 7 - 135*b - 30*b + 5. What are the prime factors of x(-1)?
167
Suppose -5*i + 4*m + 150 = -4*i, 2*i = 2*m + 270. Suppose 2*n - 3*d - 34 = 71, 3*n - i = -d. Suppose -u - 2*u = -n. What are the prime factors of u?
3, 5
Let b be (20/3)/((-13)/39). Let t = b + 42. List the prime factors of t.
2, 11
Let u(h) = 46*h - 6. Let w(d) = -2*d**3 + d. Let f be w(-1). What are the prime factors of u(f)?
2, 5
Suppose -4*t + 52 = -2*a - 298, 329 = 4*t + 5*a. Let k = t - 49. List the prime factors of k.
37
Let l = 432 - 277. Suppose -8*h + l = -517. What are the prime factors of h?
2, 3, 7
Suppose 18*w - 2899 = 7649. List the prime factors of w.
2, 293
Suppose 10 = 7*c - 5*c. Suppose c*k - 1169 = -404. List the prime factors of k.
3, 17
Let f = -8 - -10. Suppose -f*j + 2*g = 88, 4*g = j + 31 + 22. Let h = 76 + j. List the prime factors of h.
5, 7
Let l(g) = 34*g**2 + 26*g + 24. List the prime factors of l(-7).
2, 13, 29
Let s = 3053 + -1959. What are the prime factors of s?
2, 547
Let t(i) = 94*i**2 + 9*i - 11. What are the prime factors of t(5)?
2, 149
Let j = -6416 - -9808. What are the prime factors of j?
2, 53
Let m(f) = 5*f - 5. Let r be m(4). Suppose -3*i + 8*i + r = 0. What are the prime factors of 4 + -1 + (i - -3)?
3
Suppose 2*o = 4*u - 479 - 1527, u - 3*o = 504. List the prime factors of u.
3, 167
Suppose 4*b = 3*x + 2099, -2*b - 394 = -5*x - 1433. List the prime factors of b.
17, 31
Suppose -z - 2*z = p, -p + 4 = -z. Suppose -5*k + p*b - b + 652 = 0, k - 112 = 5*b. Suppose -3*q + 2*g = -4*q + 20, 5*g + k = 4*q. List the prime factors of q.
2, 7
Let r(c) = -c**3 + c**2 - c - 3. Let y be r(0). Let f(n) = 8*n**2 + n + 3. What are the prime factors of f(y)?
2, 3
Suppose -155 = 2*x + 3*q - 796, 5*q = -2*x + 639. What are the prime factors of x?
2, 7, 23
Let l(o) = -o**3 + 3*o**2 + 4*o - 10. Let u be l(6). What are the prime factors of u/(-2)*1/1?
47
Le